1*o + 10840 = 0. Calculate the greatest common divisor of o and p.
20
Let u(o) = 4*o**2 - 4*o - 304. Let c be u(16). Calculate the greatest common divisor of c and 410.
82
Let v = 146 - 146. Suppose v*y + 60 = y. Calculate the greatest common divisor of y and 45.
15
Let r be -108*(3/4)/(-1). Let w be 6*(2/((-44)/(-671)) - 8). Calculate the highest common factor of w and r.
27
Let y be (-432)/(-180)*36250/3. Let f be (-4)/14 - (15 - y/70). What is the highest common factor of 42 and f?
21
Suppose f = 23*f - 572. Suppose -296 = -n - 10. Calculate the greatest common factor of n and f.
26
Let t be 4/22 - 20/(-11). Suppose 0*b - 136 = t*b. Let m = -50 - b. What is the greatest common divisor of m and 126?
18
Let x be (-26 - 10)*(1 + -3 + 1). Suppose -4*l = -4, -3*k = -2*l - 88 - 27. Let g = k - 3. Calculate the highest common factor of x and g.
36
Let u(y) = 28*y + 9. Let k be u(2). What is the highest common divisor of 2860 and k?
65
Let u(m) = -3*m**3 - 74*m**2 + 13*m + 70. Let l be u(-25). What is the greatest common factor of l and 777?
37
Let b be ((-111)/222)/((-1)/1214). Let g = 759 - b. Calculate the greatest common factor of 95 and g.
19
Let p(r) = -r**2 - 11*r + 4. Let o be p(-11). Suppose -b + 3 = -o*q - 53, -3*q = -b + 53. Calculate the highest common factor of b and 110.
22
Let j(b) = -4*b + 17 - 4*b - 2*b - 18*b. Let r be j(-4). Suppose -r + 14 = -5*z. What is the highest common factor of 207 and z?
23
Suppose -2*f + 0*v + 8 = -2*v, 0 = -4*f + 3*v + 15. Let m(p) = 15*p - 35. Let x be m(f). Calculate the highest common factor of x and 55.
5
Suppose -3*m - 103 = -2*m - 111. Calculate the highest common factor of m and 4328.
8
Let i(r) = -6*r - 4 + 5*r**3 + 7*r**2 - 2*r**3 - 2*r**3 - 3*r. Let z be i(-8). Let c be (0 - 2)/((z/(-6))/2). Calculate the greatest common divisor of c and 15.
3
Let w be -12 + 4 - 38/(-1). Calculate the highest common divisor of w and 26.
2
Let u(d) = 2*d + 1. Let j(g) = g + 1. Let s(v) = 5*j(v) - 2*u(v). Let o be s(6). Suppose -o*i = -3*i - 912. What is the greatest common factor of i and 19?
19
Let s = 37 - 21. Let q = -1 + 13. What is the greatest common factor of s and q?
4
Suppose 0 = -2*m + 2, -4 = p - 4*m - 2. Suppose 37 = u + 34. Let k be (-2)/8 - (29/(-4) - u). Calculate the greatest common divisor of p and k.
2
Let s(g) = -3*g - 24. Let y(i) = 8*i - 54. Let k be y(3). Let p be s(k). What is the highest common factor of 6 and p?
6
Suppose -95*f + 12 = -91*f. Suppose -f*m + 7*m + 23 = x, 3*m = x - 21. Calculate the greatest common factor of 5 and x.
5
Suppose 1367 = 4*v - l, 0 = 285*v - 280*v - 4*l - 1706. What is the highest common divisor of v and 36?
18
Let d = -57 - -96. Let b be (0 - -2 - -5)*(-2904)/(-22). Let c = b - 612. What is the greatest common divisor of c and d?
39
Suppose 4*j + 52 = i + 2*i, 5*i - 60 = 4*j. Let n = j - -26. Let k be 4/n + (-190)/(-8). Calculate the highest common divisor of k and 6.
6
Let d be ((-42)/4)/((-13)/2262). Let x = d - 1017. Suppose 14*g - x = 9*g. Calculate the greatest common divisor of 18 and g.
18
Let i = -36 - -186. Let s = -133 + i. Let v be ((-255)/(-20))/(12/64). Calculate the highest common factor of s and v.
17
Let q be 1 + 0 - (-16)/32*6. Let p(f) = f**3 - 2*f**2 - 6*f + 3. Let v be p(4). Let i = v - -1. What is the highest common divisor of q and i?
4
Let d be 58/(-609) - (6 + 1585/(-105)). Let o(f) = -7*f - 3*f**2 + 6*f**2 + 30 - 2*f**2. Let t be o(d). What is the highest common divisor of 80 and t?
16
Let j = -4409 - -4481. Calculate the greatest common divisor of j and 136.
8
Suppose 0 = -d - 5*p + 15, -69 = -2*d - 4*p - 33. Suppose 0 = -d*k + 90 + 150. What is the highest common factor of k and 21?
3
Suppose b + 2*p = 2*b - 4*b + 1650, 0 = 2*p. Calculate the greatest common divisor of 44 and b.
22
Let f = 303 + -178. Let q = -68 + f. Calculate the highest common divisor of q and 19.
19
Suppose 2*g + 241 = 5*b, 5*b = b + 2*g + 192. Calculate the greatest common factor of b and 3528.
49
Let q(m) be the third derivative of m**6/120 - m**5/10 - 23*m**4/8 - 8*m**3/3 + 225*m**2. Let g be q(12). Calculate the greatest common divisor of g and 1060.
20
Let p be (-1)/2*-14 - 3. Suppose 0 = -3*s + p*s - 8. Let b(g) = g**2 - 15*g + 74. Let u be b(9). What is the greatest common divisor of u and s?
4
Suppose 0*m - m = m. Let d be 5*1 + (-1 - 2 - m). Suppose -2*p + a = -85, 0 = p - 3*a - d*a - 56. What is the highest common factor of 328 and p?
41
Let d = 32 + -35. Let j(t) = t**2 + 2*t - 15. Let w be j(d). Let v be (15/w)/(1/(-68)*1). What is the highest common divisor of 17 and v?
17
Let b = -24869 - -24870. What is the greatest common divisor of 3691 and b?
1
Suppose 8*y = -0*y + 176. Let v(i) = 5*i + 9. Let a be v(21). Let j = 62 + a. Calculate the greatest common factor of y and j.
22
Let o be (-852)/4047 + (-1148)/(-38). What is the highest common factor of 4605 and o?
15
Let o(u) = -2*u + 11 + 2 + 79*u**2 - 5*u + 5. Let p be o(2). Calculate the highest common divisor of p and 40.
40
Let t be (24/4)/12*212. Let z = 490 - t. Calculate the highest common factor of z and 12.
12
Let v(y) = -y**3 + 8*y**2 - 27*y + 15. Let c be v(6). Let j = c + 84. Suppose 0 = 5*q + 20 - 65. Calculate the highest common divisor of j and q.
9
Suppose 4*k - 116 = -2*p, 4*k = p + 88 + 28. Let l = -112 - -141. What is the greatest common divisor of l and k?
29
Suppose 0 = 122*n - 120*n - 60. Calculate the greatest common factor of n and 80.
10
Let c be 1*(34/(-6))/(3/(-153)). Suppose 5*i - 1031 = c. What is the greatest common factor of 33 and i?
33
Suppose s - 4*b + 130 = 0, 11*b = -4*s + 9*b - 430. Let c = -55 - s. Calculate the greatest common factor of c and 55.
55
Let i(c) = 3*c + 15. Let t be i(-4). Suppose 0 = t*l + 34 - 52. Suppose -k + l = 4*a, 2*k - 5 - 19 = -2*a. What is the highest common factor of 98 and k?
14
Suppose 33 = 3*r - 2*v, -2*r = -v - 5 - 17. Let b be (-18)/12*(0 + 1 - r). Let z be b + -3 + -1 - 3. What is the highest common factor of z and 88?
8
Suppose 550 = 51*c + 40. What is the greatest common divisor of 3490 and c?
10
Let x be (12 + -2 + 280)*15/6. Calculate the highest common divisor of x and 116.
29
Let m be (44*7/28)/((-2)/(-8)). Suppose -3*n + 5*n = 96. Suppose -m*y = -40*y - n. Calculate the highest common factor of y and 156.
12
Suppose -3*v + 73 = 52. Suppose 186 = 26*f - 178. What is the greatest common factor of f and v?
7
Let k = -14555 + 14582. What is the highest common divisor of k and 297?
27
Suppose -18*d + 25245 = 33*d. Calculate the greatest common factor of 132 and d.
33
Suppose -5*v + 189 + 2311 = 0. What is the greatest common divisor of v and 1300?
100
Let q(y) = -4*y + 71. Let o be q(17). Suppose 2602 = 5*u - o*x, 6*u = u + x + 2594. Calculate the greatest common factor of u and 14.
14
Let j be 6/(-5)*-14 + 19/((-570)/24). Calculate the highest common factor of j and 356.
4
Suppose 2*q = -4*g + 2336, -q + 591 = g - 4*q. Let x be (-600)/360*(-26 - 1). Calculate the highest common factor of x and g.
45
Let z be (42/24 + -10)*824/(-6). What is the highest common factor of z and 309?
103
Let v = 77 - 66. Suppose -v*d + 27 = -8*d. Let u(z) = z**3 + 5*z**2 + 3*z - 2. Let b be u(-4). Calculate the highest common factor of d and b.
1
Let f(l) = -2*l + 5*l**2 + 0 - 3 - 3 - 2 + 1. Let n be f(5). Calculate the greatest common factor of 8 and n.
4
Let d be 100/(-7) + 2/7. Let h be d/(-3) + 3/9. Let g(s) = -5330*s + 15. Let i be g(0). What is the greatest common factor of i and h?
5
Suppose 2*i = -3*d - 77, -67 = 4*d + i + 29. Let x(m) = -m**2 - 29*m + 30. Let b be x(d). What is the highest common divisor of b and 21?
21
Let y be (516/(-1806))/((-1)/1365). Calculate the highest common divisor of 2370 and y.
30
Let i(p) = p**3 + 16*p**2 + 30*p + 39. Let d be i(-14). What is the greatest common factor of 13 and d?
1
Suppose -5*k + 1 = -3*f + 6, -f - 5*k = -15. Let d be (5/(-50)*-20)/(10/75). Calculate the greatest common factor of f and d.
5
Suppose 2958 = 23*n - 21*n - 4*f, -5*n - 2*f + 7323 = 0. Calculate the highest common divisor of 27 and n.
9
Suppose 3*q + 2*r = 233, -202 = -5*q + 5*r + 178. What is the greatest common factor of 1001 and q?
77
Suppose 1359 + 4448 = 27*o - 241. What is the highest common factor of 2128 and o?
112
Let 